 + 34, -4*s - 12 - 16 = 3*q. Let j = s + b. List the prime factors of j.
2, 5
Suppose -2*u = -3*u + 2. Suppose -5*r + 3 = 2*z, -7*r - 13 = -u*z - 2*r. What are the prime factors of z?
2
What are the prime factors of ((-6)/(-9))/((-4)/(-402))?
67
Let p be ((-10)/4)/((-1)/2). Suppose 2*t = p*a - 107, t - 2*t - 1 = 0. What are the prime factors of a?
3, 7
Let s = -5 - -15. What are the prime factors of s?
2, 5
Let r = -74 - -104. Suppose -3 - r = -3*a. List the prime factors of a.
11
Suppose -m + 95 = f, -f - 4*f = -10. What are the prime factors of m?
3, 31
Suppose 10 = 3*o + 2*b - 12, 4*b + 4 = 0. Suppose 4*v = -k + 126, -5*k - o = -k. What are the prime factors of v?
2
List the prime factors of 59 + -2*25/10.
2, 3
Let m = -3 - -5. List the prime factors of -2 + m*(0 + 24).
2, 23
Let h be 2/(-4)*1*2. Let v = 1 - h. Suppose 40 + v = 3*c. List the prime factors of c.
2, 7
Let q(t) be the second derivative of -t**3/2 - 3*t**2/2 - 3*t. What are the prime factors of q(-4)?
3
Let a = -31 + 126. List the prime factors of a.
5, 19
Suppose 2*v - 5*i = v - 12, 4*i + 4 = 0. Let h = -8 - v. List the prime factors of h.
3
Let m(t) = 42*t. Let v be (-1)/(12/15 - 1). Let n(a) = 28*a. Let o(y) = v*m(y) - 7*n(y). List the prime factors of o(1).
2, 7
Suppose -w = -4 - 3. What are the prime factors of w/28 - 35/(-4)?
3
Let b(c) = -10*c**2 - 1. Let f be b(1). Let q(d) = -12*d - 2. Let j be q(-2). Let v = f + j. What are the prime factors of v?
11
Let t(p) = -p**2 + 4*p - 3. Let y be t(3). Suppose 5*d = -50 - y. Let k = d - -16. What are the prime factors of k?
2, 3
Suppose -2*r - 2 = -18. Suppose 3*n - r*n = -55. Suppose -u = -2*u + n. List the prime factors of u.
11
Let q(b) = -7*b - 2. Let f = -7 - -5. List the prime factors of q(f).
2, 3
Let s(r) = -18*r - 6. What are the prime factors of s(-2)?
2, 3, 5
Let t(r) = -115*r**3 + r**2 + 2*r. What are the prime factors of t(-1)?
2, 3, 19
Suppose 2*w = 2*t + 10, 2*t = 1 - 5. Suppose -w*g = -g - 32. What are the prime factors of g?
2
Suppose -m + 9 = 2. Suppose a = z - 24, -a + m + 32 = 2*z. What are the prime factors of z?
3, 7
Let n = 1 + -5. List the prime factors of (32/(-20))/(n/50).
2, 5
Suppose -5*f = 3*m - 2, 5*m = 5*f - 4*f - 34. List the prime factors of 450/(-12)*4/m.
5
Suppose -3*h - 372 = -4*u, h = -0 + 4. What are the prime factors of u?
2, 3
Let n = 57 - 39. What are the prime factors of n?
2, 3
Suppose 2*d - s - 121 = 0, -4*d + 35 + 202 = -3*s. List the prime factors of d.
3, 7
Suppose 0 = 5*c - 2*v - 251, 3*c - 178 = -3*v - 19. What are the prime factors of c?
3, 17
Suppose -g + 0*g = -4*k + 23, -3*k + 4*g = -27. Suppose -l + 12 = -2*q - k*l, 12 = -3*l. Suppose 2*u = -q*u + 24. What are the prime factors of u?
2, 3
Suppose 0 = 3*h - 5*h + 6. Suppose 4*t - 128 = 3*v, h*t + v - 91 = 2*v. What are the prime factors of t?
29
Suppose -4*d + 3*z = -d - 102, -4*d + 2*z = -138. Let s be ((-14)/d)/(1/5). What are the prime factors of s/3 + 69/9?
7
What are the prime factors of (9/4 - 2) + 14671/68?
2, 3
What are the prime factors of 6*(-1)/((-1)/5)?
2, 3, 5
What are the prime factors of (1 - 6)*(-3 + -5)?
2, 5
What are the prime factors of -10*(492/5)/(-6)?
2, 41
Suppose -l = -2*p + 9, -3*p = 2*p - 5*l - 30. List the prime factors of p.
3
Suppose 0 = -3*y - 70 - 35. Let a be 124/10 + 14/y. Let v = -3 + a. List the prime factors of v.
3
Let p(a) = 13*a**2 + 9 + a**3 - a - 2*a - 11*a. Let m(z) = z**3 + 6*z**2 + z - 8. Let v be m(-6). List the prime factors of p(v).
3
Let m be -3 + 4 + -4 + -11. Let r = 22 + m. What are the prime factors of r?
2
List the prime factors of 1 + 5 + -2 + 149.
3, 17
Suppose 0 = -14*r + 9*r + 90. List the prime factors of r.
2, 3
Let w be (36/(-27))/(4/(-30)). Let g be (w*1)/(2/6). Suppose 2*i = -i + g. What are the prime factors of i?
2, 5
Let g(k) = 2*k**2 - 3*k + 3. List the prime factors of g(4).
23
Let n = -11 + 4. Let z be -7 - (1 + 0 - 1). What are the prime factors of (-23)/z + 2/n?
3
Let z = -478 - -774. List the prime factors of z.
2, 37
Suppose -4*m + h + 17 = 5, 0 = 2*m + 4*h - 24. What are the prime factors of m*6/(-9)*-3?
2
Suppose 5*f = -7 + 22. Suppose -f*d + 12 = -0*d. What are the prime factors of d?
2
Suppose -2*l - 3 = -5*a + 3, 0 = 2*a + 3*l - 10. Let c(s) = a*s - s - 4*s + 3. List the prime factors of c(-4).
3, 5
Suppose 19 + 35 = q. What are the prime factors of q?
2, 3
Let b(t) = 1 - 3*t**2 + 2*t**2 + 0*t**2 - 5*t**3 - t**2. List the prime factors of b(-1).
2
Let a = -252 + 354. List the prime factors of a.
2, 3, 17
Suppose 4*o = x + 349, -2*x + x - 437 = -5*o. List the prime factors of o.
2, 11
Let m = 22 + 0. What are the prime factors of m?
2, 11
Let g = 2 - -66. What are the prime factors of g?
2, 17
Suppose 0 = -4*q + q - 15. List the prime factors of 1/(10/(-4))*q.
2
Suppose 0*g - 5*g = -5. Let w(b) = 3*b**2 - b + 1. List the prime factors of w(g).
3
List the prime factors of (4 + 15/(-3))*-79.
79
Let q(m) = -m**2 + m + 1. Let l be q(0). What are the prime factors of 0/(-2) + 5 + l?
2, 3
Let x be ((-93)/6 + -1)*-2. Suppose 4*i + 11 + x = 0. Let p = 1 - i. List the prime factors of p.
2, 3
Let o be (-3)/6 - (-154)/4. Suppose -4*u + o - 2 = -4*t, 0 = -u - t + 3. List the prime factors of u.
2, 3
Let x = 32 + 350. List the prime factors of x.
2, 191
Suppose -l + 2 = -2. Suppose -b = -l*g + 2*b + 8, 4 = b. List the prime factors of g.
5
Suppose m + 8 - 1 = -2*k, 9 = -3*k - m. Let x = 5 + k. What are the prime factors of x?
3
Let x(s) = -5*s**3 - s**2 - s. Let q be x(-1). List the prime factors of 2/2 + -2 + q.
2
Let u = -62 + 148. What are the prime factors of u?
2, 43
Let y(i) = 33*i + 14. What are the prime factors of y(3)?
113
Let m(k) = k**3 + k**2 + 12. Let q be m(0). Let c = q - -12. List the prime factors of c.
2, 3
Let p = -103 - -204. List the prime factors of p.
101
Suppose g = 2*i - 84, -3*i + 5*g + 168 = i. List the prime factors of i.
2, 3, 7
Let m(z) = 2*z**2 - 7*z - 8. Let y(f) = -f**2 + f + 1. Let u(b) = -m(b) - 5*y(b). Suppose -2 = 4*t + 6. What are the prime factors of u(t)?
11
Let w(b) = b**2 + 6*b + 4. List the prime factors of w(-20).
2, 71
Let f be 1/((-3)/(-6))*4. Let b(y) = -y**2 + 8*y + 5. Let l be b(f). Suppose 0 = 2*v - l*a - 47, -3*a = -v + 42 - 17. What are the prime factors of v?
2
Suppose -l + 4*l = -9, -4*y + 2*l = -906. What are the prime factors of y?
3, 5
What are the prime factors of 8*(45/6 + -1)?
2, 13
Suppose -3*a + 0 = -4*x + 12, -4*a = 3*x - 9. Suppose u + 0*u = -3*z + 22, -4*z - 8 = a. Let o = 43 - u. List the prime factors of o.
3, 5
Let j be (-6 - 3/(-1))/(-1). Suppose -j*z + 2*c + 6 = c, -z + 4*c = -2. Suppose -z*q - 2 = 8, 3*l = -q + 46. What are the prime factors of l?
17
Suppose -2*l + 4*b + 50 = -7*l, -4*b = -2*l + 8. What are the prime factors of (8 + 2)*(-3)/l?
5
Let q = 311 + 30. List the prime factors of q.
11, 31
Let z(g) = 2*g**3 + 2*g**2 + 5. Let m be z(4). Suppose -4*w = -5*q + m, -3*q + 5*w = -6*q + 136. What are the prime factors of q?
37
Let r = 5 + -5. Suppose q - 2 = -r. List the prime factors of q.
2
Let l(o) = o**2 + 10*o + 5. Suppose -3*b - 19 = 11. What are the prime factors of l(b)?
5
List the prime factors of -3 - -13*(1 + 1).
23
Let l(w) = -w**3 + 2*w**2 + 2*w + 1. Let r be l(-1). Suppose -r*f + 0*f = -8. Suppose -5*k - s = -58, -f*k - 11 + 51 = 4*s. What are the prime factors of k?
2, 3
Let w be (4/(-10))/(2/10). Let d = 16 + w. What are the prime factors of d?
2, 7
Let r(a) be the second derivative of -a**5/20 + a**4/6 + a**3/2 + 3*a**2/2 - a. Let f be (42/35)/((-2)/(-5)). List the prime factors of r(f).
3
Suppose y = -2*p - 3*y + 358, -15 = 5*y. What are the prime factors of p?
5, 37
What are the prime factors of (-15)/(-35) + (-1590)/(-14) + -3?
3, 37
Suppose -4 = -4*b + 12. Suppose h - 1 = b*c + 2, 5*c + 2*h - 6 = 0. Suppose c*w = -3*w + 33. List the prime factors of w.
11
Let o = 7 - 2. Suppose o*h - 140 = p, -3*p + 4*p = 0. Suppose 2*j - 24 = 3*y, 4*y = -4*j - 0*j + h. List the prime factors of j.
3
Let h be 6*(2/(-4) + 2). Suppose 0 = h*q - 6*q - 60. List the prime factors of q.
2, 5
Let k be 2/(-1) + (-8)/(-4). Let c = k - -3. Suppose -30 = -3*f + c*t, -38 = -4*f + 2*t + 3*t. What are the prime factors of f?
2, 3
What are the prime factors of 750/4*(-3 - (-57)/15)?
2, 3, 5
Let s